 4 divide 869?
False
Is 4001 a multiple of 28?
False
Is 574 a multiple of 21?
False
Is 25 a factor of 800?
True
Does 7 divide 13952?
False
Is 56714 a multiple of 122?
False
Is 3 a factor of 3461?
False
Is 34 a factor of 2448?
True
Does 90 divide 46574?
False
Is 33 a factor of 1876?
False
Is 16982 a multiple of 4?
False
Is 9432 a multiple of 19?
False
Is 23 a factor of 3611?
True
Is 391 a multiple of 10?
False
Is 13 a factor of 88218?
True
Does 10 divide 3713?
False
Does 11 divide 616?
True
Is 23 a factor of 851?
True
Is 327 a multiple of 72?
False
Is 6 a factor of 1787?
False
Does 11 divide 8008?
True
Is 231 a multiple of 2?
False
Is 130 a factor of 3380?
True
Is 14 a factor of 31388?
True
Is 2280 a multiple of 10?
True
Is 33 a factor of 1242?
False
Does 7 divide 1414?
True
Is 12 a factor of 3960?
True
Is 17 a factor of 4935?
False
Is 40 a factor of 932?
False
Is 16 a factor of 7824?
True
Is 1318 a multiple of 22?
False
Is 580 a multiple of 20?
True
Is 147 a factor of 1470?
True
Is 13 a factor of 413?
False
Is 267 a factor of 49128?
True
Does 38 divide 24311?
False
Does 32 divide 129?
False
Does 188 divide 9964?
True
Is 16 a factor of 71607?
False
Is 3087 a multiple of 21?
True
Is 5 a factor of 780?
True
Is 27 a factor of 324?
True
Does 12 divide 18625?
False
Does 87 divide 1326?
False
Does 4 divide 19980?
True
Is 9213 a multiple of 62?
False
Does 2 divide 175?
False
Does 15 divide 74?
False
Does 11 divide 2981?
True
Does 338 divide 40566?
False
Is 1926 a multiple of 18?
True
Is 229 a multiple of 2?
False
Does 70 divide 4814?
False
Does 190 divide 14606?
False
Does 11 divide 17462?
False
Is 7 a factor of 212?
False
Is 10968 a multiple of 6?
True
Does 101 divide 11110?
True
Is 124 a multiple of 62?
True
Is 19 a factor of 1273?
True
Is 480 a multiple of 60?
True
Does 24 divide 7924?
False
Does 14 divide 5040?
True
Does 24 divide 840?
True
Is 38539 a multiple of 22?
False
Is 2 a factor of 1309?
False
Does 20 divide 8008?
False
Does 4 divide 664?
True
Is 321 a factor of 33475?
False
Is 131 a factor of 5726?
False
Does 19 divide 596?
False
Is 69 a factor of 25116?
True
Is 82 a factor of 1148?
True
Is 133 a factor of 1237?
False
Is 56 a factor of 2841?
False
Is 41 a factor of 410?
True
Does 8 divide 5886?
False
Is 2546 a multiple of 67?
True
Does 28 divide 28?
True
Is 8 a factor of 7328?
True
Is 141 a factor of 13677?
True
Does 27 divide 19955?
False
Does 50 divide 21300?
True
Does 165 divide 11477?
False
Does 76 divide 54264?
True
Is 23 a factor of 588?
False
Is 16 a factor of 6800?
True
Is 2207 a multiple of 17?
False
Is 85 a factor of 3626?
False
Is 257 a factor of 14112?
False
Is 6928 a multiple of 8?
True
Is 259 a multiple of 35?
False
Does 5 divide 487?
False
Does 36 divide 2504?
False
Is 156 a factor of 1872?
True
Does 35 divide 12845?
True
Does 70 divide 19250?
True
Does 29 divide 928?
True
Is 1256 even?
True
Is 553 a multiple of 5?
False
Is 23 a factor of 115?
True
Is 3611 a multiple of 112?
False
Does 21 divide 91854?
True
Is 17 a factor of 241?
False
Is 4979 a multiple of 15?
False
Is 60 a factor of 77251?
False
Does 10 divide 31?
False
Does 14 divide 79188?
False
Does 18 divide 414?
True
Is 5 a factor of 98?
False
Is 1699 a multiple of 9?
False
Does 6 divide 2492?
False
Does 91 divide 37584?
False
Does 23 divide 2485?
False
Is 12920 a multiple of 95?
True
Does 77 divide 1301?
False
Is 214 a factor of 23754?
True
Is 2499 a multiple of 49?
True
Is 38269 a multiple of 11?
True
Is 12 a factor of 358?
False
Is 308 a factor of 47124?
True
Is 151 a multiple of 4?
False
Is 15 a factor of 1080?
True
Does 7 divide 413?
True
Is 43 a factor of 8256?
True
Is 110 a factor of 15290?
True
Does 9 divide 23059?
False
Is 24840 a multiple of 15?
True
Does 9 divide 775?
False
Is 67 a multiple of 5?
False
Is 34 a factor of 649?
False
Is 72 a factor of 52604?
False
Does 15 divide 38655?
True
Is 258 a factor of 52763?
False
Is 310 a multiple of 10?
True
Is 2424 a multiple of 3?
True
Does 12 divide 5026?
False
Is 23 a factor of 13409?
True
Does 12 divide 92232?
True
Is 114294 a multiple of 28?
False
Is 76 a factor of 34808?
True
Is 802 a multiple of 104?
False
Is 772 a multiple of 42?
False
Is 5245 a multiple of 35?
False
Does 20 divide 213?
False
Is 13 a factor of 16601?
True
Is 84 a factor of 1260?
True
Is 968 a multiple of 44?
True
Does 21 divide 4746?
True
Is 30 a factor of 39434?
False
Is 71 a multiple of 71?
True
Is 2744 a multiple of 135?
False
Is 7785 a multiple of 21?
False
Is 93 a factor of 26040?
True
Is 11032 a multiple of 56?
True
Is 976 a multiple of 74?
False
Does 106 divide 26951?
False
Does 150 divide 38303?
False
Does 7 divide 2086?
True
Is 4123 a multiple of 19?
True
Is 14 a factor of 696?
False
Is 1996 a multiple of 10?
False
Is 3920 a multiple of 35?
True
Does 15 divide 225?
True
Is 12711 a multiple of 57?
True
Is 17 a factor of 28733?
False
Is 140794 a multiple of 101?
True
Is 12 a factor of 633?
False
Is 2820 a multiple of 30?
True
Is 112 a factor of 13328?
True
Does 31 divide 9930?
False
Does 20 divide 22?
False
Does 21 divide 8446?
False
Does 11 divide 297?
True
Is 96 a factor of 44853?
False
Is 2512 a multiple of 53?
False
Is 6700 a multiple of 50?
True
Is 38 a factor of 1178?
True
Does 18 divide 1972?
False
Is 45 a factor of 4050?
True
Is 73 a factor of 969?
False
Is 2569 a multiple of 8?
False
Does 23 divide 460?
True
Does 28 divide 103293?
False
Is 1342 a multiple of 22?
True
Does 3 divide 40?
False
Does 78 divide 8173?
False
Is 130 a factor of 51291?
False
Is 680 a multiple of 33?
False
Does 70 divide 560?
True
Does 3 divide 8161?
False
Is 9915 a multiple of 94?
False
Is 4356 a multiple of 66?
True
Is 1925 a multiple of 114?
False
Does 20 divide 463?
False
Is 8515 a multiple of 13?
True
Does 130 divide 7845?
False
Is 47 a factor of 4230?
True
Does 24 divide 204?
False
Is 7 a factor of 11235?
True
Is 844 a multiple of 4?
True
Is 15 a multiple of 9?
False
Is 2 a factor of 901?
False
Is 45 a factor of 123331?
False
Does 22 divide 28908?
True
Does 52 divide 6627?
False
Is 2 a factor of 82?
True
Does 104 divide 520?
True
Is 13 a factor of 26?
True
Is 42 a factor of 84?
True
Is 8688 a multiple of 12?
True
Does 41 divide 82?
True
Is 44 a factor of 438?
False
Is 12 a factor of 468?
True
Is 70469 a multiple of 203?
False
Is 195 a multiple of 11?
False
Is 83 a factor of 16849?
True
Does 349 divide 64914?
True
Is 150 a factor of 1800?
True
Is 24 a factor of 13594?
False
Is 144 a multiple of 48?
True
Is 3596 a multiple of 19?
False
Does 163 divide 7269?
False
Is 15 a factor of 669?
False
Is 19 even?
False
Is 1683 a multiple of 11?
True
Is 29359 a multiple of 113?
False
Does 10 divide 4649?
False
Is 38 a factor of 11613?
False
Does 32 divide 446?
False
Does 19 divide 750?
False
Is 54 a factor of 2866?
False
Is 291 a factor of 26829?
False
Does 18 divide 162?
True
Does 242 divide 4114?
True
Is 2575 a multiple of 26?
False
Is 1483 a multiple of 11?
False
Does 165 divide 2537?
False
Is 600 a multiple of 20?
True
Does 88 divide 3080?
True
Is 20 a factor of 2173?
False
Does 5 divide 18687?
False
Does 63 divide 441?
True
Is 10 a factor of 6852?
False
Is 10 a factor of 330?
True
Is 42 a factor of 3780?
True
Is 575 a multiple of 25?
True
Is 9249 even?
False
Does 26 divide 624?
True
Does 13 divide 176540?
True
Does 5 divide 210?
True
Does 5 divide 370?
True
Does 4 divide 756?
True
Does 456 divide 98952?
True
Does 5 divide 12897?
False
Does 244 divide 17846?
False
Does 14 divide 12530?
True
Is 28 a factor of 168?
True
Is 5233 a multiple of 80?
False
Does 41 divide 1263?
False
Is 3086 a multiple of 25?
False
Does 12 divide 2427?
False
Is 5 a factor of 470?
True
Is 8478 a multiple of 18?
True
Does 49 divide 23961?
True
Is 8 a factor of 175?
False
Is 4 a factor of 1264?
True
Is 18 a factor of 1566?
True
Is 7 a factor of 1071?
True
Is 364 a multiple of 52?
True
Is 34 a factor of 11299?
False
Is 8907 a multiple of 10?
False
Is 14 a factor of 5222?
True
Does 34 divide 3345?
False
Is 1130 a multiple of 7?
False
Is 25908 a multiple of 17?
True
Is 65 a factor of 22990?
False
Is 6 a factor of 306?
True
Is 18 a factor of 3384?
True
Is 348 a multiple of 59?
False
Does 105 divide 49158?
False
Is 10724 a multiple of 14?
True
Does 19 divide 510?
False
Is 7015 a mul